*a. What is the units digit of k?
3
Suppose 5*a - 9 + 24 = 0, 4*w - a = 319. Suppose 4*c - 3*q + 1 = 0, 3*q = -3*c - 2 - 4. Let d = c + w. What is the tens digit of d?
7
Suppose 5*v = -3*f + f - 21, 5 = 5*v. Let l(z) = -z**3 - 12*z**2 + 13*z + 4. Let o be l(f). Suppose -3 = -o*j + 9. What is the units digit of j?
3
Suppose 3*r - 5*c + 24 = 0, -5*r + 22*c = 27*c + 80. Suppose 5*m - 4*z - 1012 = -38, m = 5*z + 178. What is the tens digit of (m/(-4))/(((-39)/(-6))/r)?
9
Let g(u) be the second derivative of -u**3 - 5/12*u**4 - 1/20*u**5 + 0 + 15*u + 1/2*u**2. What is the units digit of g(-5)?
1
Let j = 143 + 156. Let f = 555 - j. What is the tens digit of f?
5
Let i(j) = j**2 - 7*j - 2. Suppose -51 = -2*v + 25. Suppose -8 = -5*u - v. What is the units digit of i(u)?
6
Let a be (2/6)/((-9)/(-108)). Let k(w) = 249*w - 48. What is the tens digit of k(a)?
4
Suppose 3*d - 12 = 0, -7*d = 6*o - 11*d - 170882. What is the ten thousands digit of o?
2
Let k = -108 - -108. Suppose k = 4*s - 690 - 474. What is the units digit of s?
1
Let x(k) = 212*k - 15. Let g be x(1). Let s = -60 + g. What is the tens digit of s?
3
Let c(n) = 26*n**2 + 66*n - 656. What is the units digit of c(28)?
6
Let m(g) = 82*g + 16. Let q be m(30). Let z = q + -1252. What is the thousands digit of z?
1
Let h = 5371 - 5353. Let w = 75 - 40. Suppose w = s - h. What is the units digit of s?
3
Let j(n) = 399*n + 5584. What is the units digit of j(-10)?
4
Suppose -y - 2*b - 6 = 0, -6 + 10 = -b. Suppose -5 = q, -p - y*q - 14 = 3*q. What is the tens digit of p?
1
Let i = 19656 + -7459. What is the tens digit of i?
9
Let g(j) = -3*j**2 - 415 + 398 + 12*j - 5*j**2 - j**3 + 3*j. What is the tens digit of g(-10)?
3
Suppose 3*u - 4*q - 34308 = 0, -u = 985*q - 984*q - 11443. What is the tens digit of u?
4
Let z(w) = w**3 + 22*w**2 - 51*w - 20. Let s be z(-19). Suppose -4*p + s = -o, 15*o - 14*o + 1525 = 3*p. What is the tens digit of p?
0
Let b(c) = 50*c**2 - 79*c + 661. What is the units digit of b(26)?
7
Suppose -3*z + 154107 = 64752. Suppose -16*h - z = -51*h. What is the tens digit of h?
5
Let t(f) = -2*f**3 - 2*f**2 + 13*f + 60. Let w(b) = -b**2 + 15*b + 27. Let j be w(17). What is the tens digit of t(j)?
5
Let q(i) = 4*i - 28*i + 6*i + 150 - 28*i - 26*i. What is the tens digit of q(-6)?
8
What is the ten thousands digit of (-2115 - -285)/((-59)/(-102) + (-8)/12)?
2
Let i(q) be the second derivative of 15/2*q**2 + 0*q**4 + 1/20*q**5 + 1/6*q**3 - 11*q + 0. What is the tens digit of i(0)?
1
Let f = 5584 + 509. What is the tens digit of f?
9
Let p(o) = o**2 - 40*o - 32. Let q be p(-14). Suppose 740 + q = 12*k. What is the tens digit of k?
2
Suppose 4*u + 20 = 0, 0 = -h + 2*u - 6*u - 17. What is the tens digit of (-1 - 3*h/(-9)) + 144?
4
What is the thousands digit of (-2)/(-36)*(-32115096)/(-156)?
1
Suppose -3*l - 170 = -3*q + 112, 2*q + l = 176. Let x be (-30)/q - (-1634)/6. Suppose 4*u - x - 412 = 0. What is the tens digit of u?
7
Let x = 24 + -20. Suppose 77 = x*k - 387. Let l = -60 + k. What is the tens digit of l?
5
Suppose -c + 4*k = -2970, -7*k + 6*k = 2*c - 5949. Let j = -1717 + c. What is the hundreds digit of j?
2
Let g be 2/7 - 7134/(-21). Suppose -130 = -10*n - g. What is the tens digit of (4/(-8))/((n/(-1422))/(-7))?
3
Suppose 131369 = -12*v - 45751. Let s be v/(-63) - 2/7. Suppose 2*l + 18 = s. What is the units digit of l?
8
Let w = 6574 - -10682. What is the units digit of w?
6
Suppose -t = t + 2*d + 826, -t = 3*d + 421. Let r(l) = l**3 + l**2 + 3*l - 5. Let q be r(8). Let a = t + q. What is the tens digit of a?
8
Let t = 1789 - 3701. Let v = -506 - t. What is the hundreds digit of v?
4
Let j(w) = -65*w - 9. Let a = -80 - -69. Let o be ((-1)/(-4))/(a/(-44)) + -3. What is the units digit of j(o)?
1
Suppose 3*f + 0*f = 9. Suppose 4*n + 832 = f*t, t - 568 = -t - 4*n. Let r = -130 + t. What is the units digit of r?
0
Let v = -1582 - -2275. What is the thousands digit of -1*45/25*(-2 - v)?
1
Let h(o) = 643*o - 2163. What is the thousands digit of h(51)?
0
Let c(f) = -f**3 + 17*f**2 - 17*f + 31. Let s be c(16). Suppose 3872 = s*z + 212. What is the hundreds digit of z?
2
Let z be 3212/22*6/4. Suppose v = 4*n + 14 + 100, -5*n = -2*v + z. What is the tens digit of v?
0
Suppose 8*s = 16*s - 976. Let b = s - 116. Suppose b*v = 2*v + 940. What is the hundreds digit of v?
2
Let b(d) = 1 + 40*d**3 + 1565*d + 22*d**3 - 1568*d. What is the hundreds digit of b(2)?
4
Let w = -92 - -101. Let i = w + -7. Suppose 0 = -2*u + 5*u + i*n - 637, 3*n = 5*u - 1087. What is the hundreds digit of u?
2
Suppose 2*q - 1 = -7. What is the tens digit of ((-72)/14*q)/(14/343)?
7
Let v be -1*((-214)/(-30) - 4/30). Let m(f) = 3*f + 25. Let x be m(v). Suppose 5*n - 5*j = 3*n + 409, x*j = n - 212. What is the units digit of n?
2
Let m(i) = 2*i**3 + 10*i**2 + 51*i + 238. What is the tens digit of m(23)?
3
Let p = 22115 + -8942. What is the hundreds digit of p?
1
Suppose 6*o - 3*y = 9378, -32*o = -31*o - 5*y - 1563. What is the units digit of o?
3
Suppose -12*v - 7*v + 10222 = 0. Let j = v - -106. What is the tens digit of j?
4
Let c(t) be the third derivative of 7/3*t**3 + 0*t + 0 + 22*t**2 + 1/3*t**4. What is the tens digit of c(7)?
7
Suppose 5 = -2*r + d, -21*d = -2*r - 26*d - 23. Let o = 614 + r. What is the units digit of o?
0
What is the units digit of (-152)/(-10)*(-8500)/(-680)?
0
Let f(o) = o**2 - 5*o + 11. Let g be f(5). Suppose g = 4*q - 1. Suppose q*a + 14 - 26 = 0. What is the units digit of a?
4
Let a = -80 + 64. Let y = a - -562. What is the hundreds digit of y?
5
Let s(h) = 2*h**2 + 12*h + 10. Let f be s(-7). Let b = 593 + -141. Suppose b = -f*v + 28*v. What is the tens digit of v?
1
Let q be (-1 + -3 + 9)*6/10. Suppose q*n - 886 = -304. What is the hundreds digit of n?
1
Suppose 117*m - 114*m = 801. Let g = 72 + m. What is the units digit of g?
9
Let u be (1590/(-39))/(-5) + (-16)/104. Suppose -5*s - 5*a - 2 = 13, 2*a - 3 = s. What is the tens digit of (u - 299)/(s/2)?
9
Let n be (1 - 2)*(19 - -4)*-5. Suppose 0*a + 67 = 3*q - a, 5*q - n = a. Let w = 60 - q. What is the units digit of w?
6
Let k be (-38687)/(-66) + (-1)/6. Let h = k + -542. What is the tens digit of h?
4
Let h be (-9)/(-3) + 8 - 6. Suppose 4*a + 48 = -5*p + 638, 3*a - 585 = -h*p. What is the units digit of p?
4
Suppose -4*u + 2*w = -70, 33 = 2*u - w - 2*w. Let x = 13582 + -13582. Suppose 5*m - 113 + u = x. What is the units digit of m?
9
Let x(u) = 37*u + 13. Let n be x(4). Suppose m = l + 6*m - n, 5*l = -3*m + 827. Let k = l + -96. What is the units digit of k?
0
What is the tens digit of (28/(-21))/(-1)*15/(-20)*-4657?
5
Suppose -2245 = -38*j + 5507. What is the hundreds digit of j?
2
Suppose 0 = 6*g - 3*g + 9. What is the tens digit of 5 + -3 + (285 - g)?
9
Suppose -2*h + 3*h = 3*m + 203, 3*h - m = 625. Let w = h + 117. What is the tens digit of w?
2
Suppose -14*m + 18938 = -5996. Let r = -1267 + m. What is the hundreds digit of r?
5
Suppose 5*w - 84 = -4*z + 136, 0 = 4*z + w - 220. Suppose -z*j + 4043 = -42*j. What is the units digit of j?
1
Let c(z) = -4 - 2 - 1 + 3*z**2 + 6*z - 2. Let f be c(3). Suppose -71 = -2*u - v + 29, -3*v = -u + f. What is the units digit of u?
8
Let l(b) = 5*b**3 + 683*b**2 - 553*b - 142. What is the ten thousands digit of l(-137)?
3
Let l be 5*(8438/5 + -2). Suppose -54*f + 68*f = l. What is the tens digit of f?
0
Let q(y) = -8*y**3 + 44*y**2 + 17*y + 3. Let o(k) = -2*k**3 + 11*k**2 + 4*k + 1. Let r(i) = -18*o(i) + 4*q(i). What is the tens digit of r(6)?
4
Let y be -4 + (15/(-5) - -2895). Suppose -11168 - y = -14*l. Suppose 11*k - 151 = l. What is the tens digit of k?
0
Let x(f) = f**3 - 18*f**2 - 25*f - 72. Let u be x(13). Let b = -173 - u. What is the hundreds digit of b?
0
Let o(x) = 9 + 6*x**2 - 4*x + 6*x + 5*x + 2*x**3 + 8*x - 17*x**2. What is the tens digit of o(6)?
3
Suppose -14*n + 15559 = 2*m - 13*n, -5*n + 23328 = 3*m. What is the hundreds digit of m?
7
Let d(g) = 16*g**2 + 1196*g - 38. What is the tens digit of d(38)?
1
Suppose 2*v + 4*f + 2 = -2, 0 = -3*f. Let l be 103 + ((-2 - -2)/v - 2). Let q = l - -1. What is the hundreds digit of q?
1
What is the hundreds digit of 7/(8/(-160)*8*(-10)/13336)?
3
Let d = 26542 + -2422. What is the tens digit of d?
2
Let y be (328/(-6))/((-10)/15). Suppos